- 6*b(q). What is x(-2)?
5
Let m(h) = 2*h**2 + 2*h + 3. Let u = -129 + 105. Let b be (6/u)/(-1*2/16). Let d(r) = r**2 - 6*r + 6. Let f be d(b). Calculate m(f).
7
Let s(v) = -v**2 + 7*v + 8. Let z(r) = -48*r - 2. Let f be z(-2). Let w be (-1)/(-2) - (-708)/(-8). Let o = f + w. Give s(o).
14
Let w = 188 - 206. Let i(y) = -5*y - 94. Determine i(w).
-4
Suppose -578*n + 583*n + 3*x + 39 = 0, 4*x + 35 = -n. Let g(f) = -14*f**2 - 8*f - 5. Determine g(n).
-107
Let k(x) = 6*x**3 - 37*x**2 + 17*x - 72. Let b be k(6). Let q(u) = 3*u**2 - 9*u - 2. Determine q(b).
160
Let a(w) = -5 - 1980*w**2 + 0*w - w + 1979*w**2. Let q(p) = -p**2 - 14*p - 13. Let b be q(-13). Calculate a(b).
-5
Let t(b) = b**3 + b**2 - 2. Let l(n) = 6*n + 205. Let y be l(-34). Let a(r) = 2*r**3 + 5*r**2 + 2*r - 8. Let v(j) = y*a(j) - 3*t(j). Calculate v(3).
-5
Let q(o) be the first derivative of 5*o**2 - 1307. Let n(r) = -r + 5. Let i be n(6). Give q(i).
-10
Let m(t) = 10*t + 2901 - 2971 - 3*t. Give m(8).
-14
Let u(f) = 8 + 170*f + 168*f - 3 + 7*f**2 + 164*f - 511*f. What is u(3)?
41
Suppose 12*c = -19*c + 62. Let f(o) = 71189*o - 71195*o + o**3 - 5 + 4*o**c + 0. Calculate f(-5).
0
Let z(y) = y**3 + y**2 + 1 + 0*y**3 - y**2. Suppose 2*l - 10 = -3*l. Suppose 4 = n + l. Determine z(n).
9
Suppose -145*s - 175*s = -1920. Let m(t) = 31*t - 141. What is m(s)?
45
Suppose -n = 5*v - 2*v - 5, 2*n = 5*v - 1. Let r(l) = -10*l - 5. Let g(z) be the first derivative of -z + 89. Let t(o) = 6*g(o) - r(o). Calculate t(v).
9
Let r(l) = 2*l + 2. Let z be r(-4). Let b(f) = -f**3 + 36*f**2 - 70*f + 70. Let g be b(34). Let c(i) = 0*i + 367 - 359 + g*i. Determine c(z).
-4
Let z = 412 - 403. Let t be ((-1)/(-2))/(3/18). Let p = z - t. Let n(v) = 2*v - 8. What is n(p)?
4
Suppose 4 - 1 = f. Suppose u + 19 = f*d, 0*u + u - 5 = 0. Suppose -2*g + 4*g = w - d, -2*g - 4 = -3*w. Let c(o) = o**3 + 5*o**2 - 3. Determine c(g).
-3
Let r = 580 - 582. Let u be (3 + -2)*r + 3 + 8. Let y(c) = -2*c + 10. What is y(u)?
-8
Let r be 35/(-14)*6/5 - 3. Let g = -6 - r. Let i be (6/3)/(0 + g + -2). Let t(k) = -2*k**2. What is t(i)?
-2
Let y(x) be the third derivative of 23*x**5/30 - x**4/12 - 168*x**2. Calculate y(-1).
48
Suppose -14 = -5*w + 7*b - 3*b, 3*w + b = 5. Let h be (-4)/(-2) + 0 + 5. Let c(o) = -4*o - o + 6 + o**w + h - 7. Calculate c(5).
6
Suppose 10*u + 14*u = 72. Let v(y) = 7*y**2 - 117*y + u*y**3 + 4 + 233*y - 109*y + 0*y**2 - 4*y**3. Calculate v(8).
-4
Let o(h) be the first derivative of -h**4/4 + h**3 + h**2/2 - 6*h - 451. Determine o(5).
-51
Let u(q) be the second derivative of q**3/6 + 21*q**2/2 + 15*q. Suppose 3*r + 7 = 2*j + 22, j + 3*r + 12 = 0. What is u(j)?
12
Let h(b) be the first derivative of -b**3 - 9*b**2/2 + 50*b - 4125. Calculate h(-7).
-34
Let o(r) = -14*r - 19. Let h = -28646 - -28643. Give o(h).
23
Suppose 69 = -k + 75, k - 6 = -b. Let q(t) = -t**2 - t + 14. Determine q(b).
14
Let i(k) = 14 + 0*k**2 - 3*k**2 + 4*k**2 + 13*k. Let a be (-238)/(-51)*270/(-105). What is i(a)?
2
Let k(v) = -33*v - 7. Suppose -4*a + 2*o + 6 = 0, 76*a + 4*o + 16 = 80*a. What is k(a)?
26
Let i(s) be the second derivative of 8*s**2 + 0 + 113*s + 1/6*s**3. Let x = -43 - -31. Determine i(x).
4
Let k(r) = 2*r - 1. Let v(o) = o. Suppose -5*x - c = -34, 4*c = x - 3*x + 28. Let t(n) = x*v(n) - 2*k(n). Give t(-4).
-6
Let w(a) = a**3 + 18*a**2 + 2*a + 35. Let x be w(-18). Let b = 31 + -25. Let f(s) = -13*s - 7. Let p(y) = 13*y + 6. Let i(j) = b*p(j) + 5*f(j). What is i(x)?
-12
Suppose 15*x + 2*x = 255. Suppose 4*n + 3 = 3*g + 6*n, 3*g = 4*n - x. Let a(o) = 10*o**3 + 2*o**2 - 1. Calculate a(g).
-9
Let d(q) = -26 + 172*q + 177*q - 340*q. What is d(2)?
-8
Let u(p) be the first derivative of p**3/3 - 10*p**2 + 67*p - 1128. What is u(8)?
-29
Let i(y) = -y**2 - 7*y - 3. Let a be 6 - 100/24 - (-1)/6. Suppose 5*x = a*z - 1, 31*z = 27*z - 2*x - 34. Determine i(z).
-3
Let g(d) = 5*d**2 + 7*d - 2. Let y(t) = -4*t**2 - t - 1. Let s(i) = 2*g(i) + 3*y(i). Calculate s(9).
-70
Let z(a) = 49*a**2 + 10*a + 18. Let i(u) = 48*u**2 + 12*u + 23. Let x(v) = 4*i(v) - 5*z(v). Calculate x(1).
-53
Let i(u) be the first derivative of 3*u + 8/3*u**3 - 105 - 4*u**2 - 1/4*u**4. Determine i(7).
-4
Let h(s) = -7*s - 39. Let r = -10789 - -10774. What is h(r)?
66
Let b(f) = -53*f + 15. Let x(m) = 43*m - 13. Let c(j) = -3*b(j) - 4*x(j). Give c(7).
-84
Let m(j) = -3*j**2 - 11*j + 1. Let q be (15/(-4))/(((-30)/(-40))/1). Determine m(q).
-19
Suppose m = -4 + 9. Suppose -d + 47 = 4*d + 2*c, m*d = 2*c + 63. Suppose -30 = i - d*i. Let x(p) = -p**3 + 4*p**2 - p + 4. Give x(i).
10
Let y = -12 - -16. Suppose -3*z - 3 = 0, -y*z - 9 = -3*x + 4. Let a(u) = u - 5*u**2 + 49*u**x + u - 5 - 21*u**3 - 27*u**3. Determine a(5).
5
Let r(u) = -13*u + 1 + 3 + 639*u**2 + 2*u + 6*u - 638*u**2. Calculate r(6).
10
Let p(z) = z + 2. Suppose -3*s + 2*a = -226, 3*a = -11 - 4. Suppose 3*n = 12*n + s. Give p(n).
-6
Let w(u) be the third derivative of 0*u + 26*u**2 - 13/120*u**6 + 1/6*u**3 + 1/60*u**5 + 1/12*u**4 + 0. Let j(v) = -v - 14. Let a be j(-13). What is w(a)?
13
Suppose 0 = -2*f + 48 + 4. Let t = 61 - f. Suppose 5*n + t = 5*d, -n - 2*d - 2 = -7. Let m(r) = -r**2 - 6*r - 3. What is m(n)?
6
Suppose y = -3*m + 40, 0 = -2*m + 3*y - 2*y + 20. Suppose -2*d + 2*r + r = -m, -5*r - 20 = -4*d. Let f(i) = 21*i + i**2 + 9 - 43*i + 21*i. Calculate f(d).
9
Let m(p) = -p**3 + 0 - 2*p + 3*p**2 + 3 + 0*p**2. Let k(o) = 5*o**2 + 37*o - 22. Let f be 180/(-22) + (-6)/(-33). Let c be k(f). Determine m(c).
3
Let b(d) = -d**3 - 2*d**2 + 7*d - 2. Let h be b(-4). Suppose 4*w + 17 = f, -h = 4*f + 4*w - 10. Let m(x) = -3 + 0 + f + 5*x. Calculate m(-3).
-13
Suppose 5*r - 3*f + 5 = 0, 3*r = 2*r + 3*f - 13. Let v(t) = 215*t + t**r - 104*t - 107*t. What is v(-5)?
5
Let f(q) = 5*q + 2. Let l(u) be the third derivative of -u**4/8 + 32*u**3/3 + 6*u**2 - 10. Let m be l(22). What is f(m)?
-8
Suppose 5*n = 3*n. Let f(r) = r - r**2 + 2*r**2 - 3 + 0 - 3 - 39*r**3 + 40*r**3. Give f(n).
-6
Let u(w) be the third derivative of -3*w**4/8 + 140*w**3/3 - 779*w**2. Determine u(31).
1
Let w be (-1)/(-5) + (-606)/30. Let c = -19 - w. Let v(y) = -y**2 + 6*y + 0*y + 4 - c. What is v(6)?
3
Let z be (0 - 2 - 71)*-1. Let b = -42 + z. Let l(p) = -11*p**3 + b*p**2 + 11*p**3 + 17*p**3 - 32*p**2. Calculate l(1).
16
Let k(v) = v - 33. Let a = 3084 + -3070. What is k(a)?
-19
Let n be -112*(-8 - (-5 - 2)). Suppose 32*s - 4*s - n = 0. Let h(r) = 2*r - 9. What is h(s)?
-1
Let m(g) = -7*g - 49. Let k be (-80)/25*(-80)/(-32). Give m(k).
7
Let x(r) = -3*r**3 + 23*r**2 + 7*r + 10. Suppose 53 = 12*c - 43. Let s be x(c). Let j(q) = q + 6 - 4 + q. Determine j(s).
6
Let z(t) = t**2 + 16*t - 31. Let j = -6256 - -6240. Give z(j).
-31
Let v(b) = 130 - 146 + 18*b - 21*b. Calculate v(-9).
11
Let i(x) be the first derivative of -x**4/4 - 2*x**3 - x**2/2 - 2*x + 241. Let c(n) = n**2 + n - 6. Let k be c(0). Give i(k).
4
Let n = -240 - -242. Let p(j) = -165*j**n + 89*j**2 + 77*j**2 + 15*j + 12. Calculate p(-14).
-2
Let x(c) = -74*c - 5. Let g(u) = 121*u + 10. Let v(t) = -3*g(t) - 5*x(t). What is v(2)?
9
Let d(o) = o**2 + 11*o + 1. Let y(u) = -2*u**3 - 85*u**2 - 33*u + 368. Let r be y(-42). Calculate d(r).
-9
Let p(x) = -x**3 + x**2 - x + 3. Let v(m) = 12*m**3 - 15*m**2 - 12. Let s(g) = 10*p(g) + v(g). Determine s(3).
-3
Let h = 584 + -581. Let k(s) = -s**2 + 173 - s - 185 + s**h + 0*s**2. Determine k(0).
-12
Let f be 2/2 + 1 + 1. Suppose 4*u - 8 = f*v, -u = u + 5*v + 22. Let y(b) = -1 + 5*b**2 + 1463*b**3 - 1466*b**3 - b - 5*b**2. Determine y(u).
3
Suppose 3*q + 3 = 219*o - 220*o, -o - 3 = 0. Let d(t) = 11*t + 7. Determine d(q).
7
Suppose -4*a = g - 91, -5*a = -3*g + 4*g - 89. Let u(s) = 94 - 3*s**2 + 5*s + s**2 + 3*s**2 - g. Determine u(-5).
-5
Let u(b) = b**2 + 3*b + 15. Let q be u(-6). Let w = -30 + q. Let x(t) = 0*t + 8*t - 2 - 2*t + t**w + 7*t**2. What is x(-5)?
18
Let d(n) be the first derivative of -n**5/24 - n**4/4 - 4*n**3 + 23. Let p(y) be the third derivative of d(y). Calculate p(-6).
24
Let s(j) = 47*j + 1. Let q(r) = -369*r + 77. Let w(y) = -q(y) - 8*s(y). Give w(-14).
13
Let k(i) be the second derivative of -i**4/24 - 25*i**2 + 2*i - 87. Let p(s) be the first derivative of k(s). Calculate p(2).
-2
Let t(l) = -l**3 - 17*l**2 - l - 23. Let g = -451 + 267